 -13 - 2*k + 7 + v*k + 5 + 6*k**2. Is x(7) composite?
True
Suppose -4*c + 7 = 2*q + 5, -6 = 3*c + 4*q. Is ((-1)/3)/(c/12) - -2941 a composite number?
False
Let r(u) = -17*u**2 - 33*u + 21 - u**3 + 22*u + 27*u + 28*u**2. Is r(-6) a composite number?
True
Suppose -5*o + 3*f + 99199 = 0, -8*o + 79308 = -4*o + 4*f. Is o a prime number?
False
Is 78483*(-13 + 460/30) a prime number?
False
Suppose 3*x + 141 = -3*m, 15*m - 16*m + 100 = -2*x. Let z = x + 578. Is z a prime number?
False
Let j(i) = 2*i - 8. Let x be j(5). Suppose 0 = x*t - 7803 - 49461. Is t/15 - 3/(-15) prime?
False
Let n = -5741 - -9839. Suppose -6*j = -n + 876. Is j composite?
True
Let g = 5517 + -3755. Suppose -g - 6677 = -3*a. Is a a prime number?
False
Let j be 0 - (-10 - -4)/3. Is (-3)/j - (257404/8)/(-7) a prime number?
False
Let a(s) = 97*s**3 + 28*s**2 + 3*s + 3. Is a(7) composite?
False
Let n(x) = 0*x - 5*x + 3*x + 41 + 11*x + 6*x**2. Is n(-9) a composite number?
True
Suppose 2*u = 3*i - 3*u - 666, -3*i + 657 = -2*u. Let q = i - 102. Is q a composite number?
True
Suppose 3*v = v - 2*i + 6, -2*v = -5*i + 1. Is 20/10*(v + 21950/4) a composite number?
False
Suppose 83*n - 81*n = 8. Let f(o) = -2*o**3 - 7*o**2 + o - 20. Let w be f(-11). Suppose 3*v - 448 = 5*c + 873, c = n*v - w. Is v a composite number?
True
Suppose 5 + 0 = i, -2*i = 4*w - 254. Let y = w - 58. Suppose l - 79 = y*z, -3*l - z + 316 = l. Is l a prime number?
True
Let g(i) = 3*i**2 + 2*i - 3. Let r be g(1). Suppose 109424 = 4*n - d, r = 3*d + 14. Is n a prime number?
False
Let z be 7 - ((7 - 12) + 30). Is (-14348)/z + (-46)/414 prime?
True
Let v(b) = -b**2 - 11*b - 8. Let q be v(-10). Let f(c) = -2*c + 313*c**q - 126*c**2 + c + 138*c**2. Is f(-1) a composite number?
True
Let u = -226 - -220. Is (-2)/11 + (12223/11 - u) composite?
False
Suppose 44*k + k - 21799060 = 316685. Is k a prime number?
True
Let t(x) = -4*x**2 - 13*x - 3. Let p be (-6 + 2)/((-2)/(-2)). Let q be t(p). Is 5/(q/(-5079)) + -2 prime?
False
Let c(g) = -2*g**2 + 20*g - 10. Let q be c(9). Suppose -13267 = -q*w + 4757. Is w a prime number?
False
Let n = -105053 + 191814. Is n a composite number?
True
Let t(u) = 29700*u - 799. Is t(2) a composite number?
False
Is (-1531528)/(-16)*(-5 - -7) prime?
True
Suppose 3*r + 4*c - 185959 = -13811, 5*c = 3*r - 172103. Suppose 652110 = 46*y + r. Is y a composite number?
True
Suppose -2 = -r - 6, 4*t - 17464 = 4*r. Suppose -27*j + t = -25*j. Is j composite?
True
Suppose -36789642 = -115*v - 6975547. Is v a prime number?
False
Is 2/(-28) + ((-98886608)/(-224) - 15) a prime number?
True
Let p(v) = 32*v + 11. Let o be p(-14). Let x = -3286 - o. Let r = -1590 - x. Is r a prime number?
True
Let w be 9/(-6)*4/(-6). Let i(m) be the first derivative of 71*m**3 - m**2/2 - m + 56. Is i(w) a composite number?
False
Let o(l) = -6*l**3 - 15*l**2 + 10*l - 29. Is o(-20) composite?
False
Let v(h) = 1161*h - 1006. Is v(75) a composite number?
False
Let k = 95 - 93. Suppose 4*m + 7*g - 2*g = -1088, -2*g = k*m + 546. Let n = m + 420. Is n a prime number?
False
Let n(u) = 1275*u + 2. Let r be n(4). Let b be (-43)/86 - 37542/(-4). Let p = b - r. Is p prime?
True
Suppose 0 = 15*b + 149467 - 7156612. Is b prime?
False
Let g(a) = 13551*a**3 + a**2 + 416*a - 829. Is g(2) a composite number?
True
Let q(w) = -w + 477. Let s be (93/2)/((-18)/(-12)). Is q(s) prime?
False
Suppose -20514 = -20*s + 140666. Is s a composite number?
False
Suppose 2*j = -0*j + 5*k + 43, -5*j - 5*k + 20 = 0. Suppose -6*p - 9 = -j. Suppose p = t + 5*t - 1806. Is t prime?
False
Let s be (-4)/(-3 + 19)*0. Suppose s = -0*j - j - 3*c + 10652, -5*c = -3*j + 31998. Is j composite?
True
Let f = 70748 + -42327. Is f a prime number?
False
Is 44/20 + (176186304/(-60))/(-8) composite?
True
Let r(d) = -128*d - 1. Let h be 1 + -1 + 3 + (29 - 0). Let a = h + -36. Is r(a) prime?
False
Let h be ((-320)/24)/(4/(-282)) - -2. Let g = -561 + h. Is g a composite number?
True
Let u(f) be the third derivative of f**6/120 + f**5/10 + 5*f**4/12 - 3*f**3 + 17*f**2. Let a(i) be the first derivative of u(i). Is a(-8) composite?
True
Is (8/(-32))/(25/(-20943100)) composite?
False
Let j = -395 + 397. Let s(p) = 72*p**2 + 9*p - 7. Is s(j) a prime number?
False
Suppose -4*j = 7*j - 33. Suppose 4*q - 3*u = 14, 5*q - j*u + 2*u = 12. Is (-3406)/13*q/(-4) prime?
True
Let b be 2/(-4)*51556*(-1)/2. Suppose 2585 = -2*g + 3*g - 3*d, 0 = -5*g - 3*d + b. Is g prime?
True
Suppose -73 = -6*u + 29. Suppose u*y - 5136 - 13853 = 0. Is y a prime number?
True
Suppose -5*s = -4*h - s + 24, 3*h + 3*s - 30 = 0. Let n(m) = 3*m**3 - 17*m**2 - 7*m - 13. Is n(h) a composite number?
False
Let w = 75321 + 38600. Is w prime?
True
Let d(r) = 1152*r**3 - 6*r**2 + 3*r + 2. Let t(h) = h**3 - 2*h**2 + h + 1. Let l(o) = -d(o) + 4*t(o). Suppose 21*g - 19*g + 2 = 0. Is l(g) a prime number?
False
Let r(h) = 4 - 33*h - 21*h + 58*h - 3387*h**3 - h**2. Is r(-1) prime?
False
Suppose -3*h = 0, 5*h - 50 = -4*u - 10. Suppose 0 = m + 2*j - u, -5*m + 0*j + 2*j + 2 = 0. Suppose -3*y + 336 = -m*y - s, -3*y - 2*s = -983. Is y composite?
False
Suppose q = 3*q + q - 39966. Is q a composite number?
True
Let f(l) = 440*l**2 + 67*l - 319. Is f(24) a composite number?
False
Let o = 47555 - -129854. Is o prime?
True
Let d(z) = 63735*z - 674. Is d(3) prime?
False
Suppose -4*t + 81451 = 3*d, 81446 = 360*d - 357*d + 5*t. Is d prime?
False
Let r = 89597 + -39730. Is r composite?
True
Let k = 28525 - 10356. Is k a prime number?
True
Suppose -5*l - 2*l = -24010. Let p = l + -5204. Is 2/((-3552)/p - 2) a prime number?
True
Let n = -74 - -74. Is (2623 + 3 - n) + 7 a composite number?
False
Let c(n) = n**2 - 20*n + 41. Let i be c(18). Suppose -3940 - 98155 = -i*v. Is v composite?
True
Let n = -33 + 38. Suppose n*w = 3*w - 3*y - 413, y - 3 = 0. Let c = 698 + w. Is c composite?
False
Let y = 2795648 - 1321449. Is y a prime number?
True
Let a = -10820 + 18609. Is a prime?
True
Let s = 1290439 + -1830721. Is 4/((-408)/s) - 4/(-34) composite?
False
Suppose -499224 + 318049 - 1192493 = -68*s. Is s a composite number?
False
Is 2361180/44 + (12/(-9))/((-22)/(-3)) prime?
False
Let j(z) = 217*z - 6. Let k(f) = f**3 - 20*f**2 - 2*f + 41. Let x be k(20). Is j(x) a composite number?
False
Is (383575 - 3) + (3 + -1)*(-1)/(-2) a prime number?
True
Let c be 18/(-12)*2 - 0. Is (57320/(-24))/(1/c) composite?
True
Let d be 81 - (9/(-7) - (-2)/7). Let v = -82 + d. Suppose v*r = -5*r + 13925. Is r a composite number?
True
Suppose -3*q + 2*v - 5*v = 15, 0 = -2*q - 3*v - 5. Is (q - (-7 + 3)) + 183 a prime number?
False
Suppose 4*v - 2*i = -0*i + 90, 2*i = 3*v - 66. Let m be (1 - 10)*8/(-6). Is 909/m*64/v prime?
False
Is 12262*(8 + ((-7)/2 - 4)) prime?
True
Let x(g) = -2*g**3 - 8*g**2 - 7*g + 11. Let a be x(-8). Suppose 0 = 2*d - 3*m - 714, -3*d + 615 = 4*m - 473. Let i = a - d. Is i a prime number?
False
Suppose 5*s - 34 = 3*q - 10, 0 = 3*q + 9. Suppose 980 = s*j + v - 3869, 6492 = 4*j - 4*v. Is j a composite number?
True
Suppose 3*j - 12 + 6 = 0. Suppose -j*y + 11081 = -4*u + 43395, -2*y + 16172 = 2*u. Is u a prime number?
True
Let z(f) = 46*f**2 - 88*f - 637. Is z(-11) a prime number?
True
Is (-2)/2*87/(-174)*(120422 + -4) prime?
True
Let g = 672 - 400. Suppose 3*c + 979 = p - g, 3*p - 4*c = 3753. Is (2/(-6))/(((-24)/p)/8) prime?
True
Let j(g) = g**3 + 22*g**2 - 31*g + 28. Let c(i) = 2*i. Let r be c(-9). Is j(r) composite?
True
Let q(i) = -9000*i - 1843. Is q(-9) prime?
False
Let z = -113634 - -187051. Is z a prime number?
True
Is 9*(88294 + -14) - (-13 + 2) composite?
False
Suppose 2*r + 51 = 15. Let y be r + 15 + -1 + (1 - -1). Is (y - -1) + (92 - (0 + -3)) prime?
False
Let q = -27 - 14. Suppose -j + 79 = 95*b - 94*b, 2*j - 156 = -4*b. Let w = j + q. Is w a prime number?
False
Let k be 710/8 + 30/(-40). Let n = 599 + k. Is n a prime number?
False
Let m = 1236 - 624. Is 72/m - 114610/(-34) composite?
False
Let j be ((-20)/16)/((-2)/(-8)). Let k be (-5)/15*(-15)/j. Is ((-146 - -2) + 5)/k prime?
True
Let f(l) = 10 + 400*l**2 - 1385*l**2 + 13389*l**2 - 7*l + 3498*l**2. Is f(1) a prime number?
False
Let a be ((-9)/(-5))/(4*(-1)/(-180)). Let k(n) = -7 - 7 + 0 + a*n. Is k(11) composite?
False
Let h(k) = 5*k + 48. Let d be (-3 + (-13)/(-2))/(3/(-6)). Is h(d) a prime number?
True
Suppo